{"id":5803,"date":"2021-01-20T22:18:29","date_gmt":"2021-01-20T22:18:29","guid":{"rendered":"https:\/\/anthropometrica.mx\/tienda\/?post_type=product&#038;p=5803"},"modified":"2026-04-13T12:54:10","modified_gmt":"2026-04-13T12:54:10","slug":"kit-slide-full","status":"publish","type":"product","link":"https:\/\/anthropometrica.mx\/tienda\/producto\/kit-slide-full\/","title":{"rendered":"Kit Slide FULL"},"content":{"rendered":"<p>El Kit Slide Full cuenta con los equipos necesarios para la valoraci\u00f3n antropom\u00e9trica del Perfil Completo (Nivel 2) de la <em>Sociedad Internacional para el Avance de la Cineantropometr\u00eda<\/em> (ISAK, por sus siglas en ingl\u00e9s), brindando facilidad y practicidad en su uso.<\/p>\n<p>Incluye:<\/p>\n<ul>\n<li>Plic\u00f3metro Slim Guide: fabricado en pl\u00e1stico ABS, \u00fatil para la medici\u00f3n de pliegues cut\u00e1neos.<\/li>\n<li>Antrop\u00f3metro Slide: fabricado en pl\u00e1stico ABS, \u00fatil para la medici\u00f3n de di\u00e1metros \u00f3seos peque\u00f1os.<\/li>\n<li>Cinta Anthropometrica: fabricada en acero inoxidable con 2 m de longitud, \u00fatil para la medici\u00f3n de circunferencias y per\u00edmetros corporales.<\/li>\n<li>Segm\u00f3metro CESCORF: con su cinta met\u00e1lica y sus puntas pl\u00e1sticas ABS es \u00fatil para la medici\u00f3n de segmentos y alturas corporales.<\/li>\n<li>Antrop\u00f3metro 60 cm CESCORF: con su base de lectura en aluminio anodizado y sus ramas en \u201cL\u201d de acero inoxidable es \u00fatil en la medici\u00f3n de di\u00e1metros \u00f3seos grandes.<\/li>\n<\/ul>\n<p>\u00a1GRATIS Malet\u00edn de transporte para el plic\u00f3metro, la cinta y el antrop\u00f3metro Slide! Brinda protecci\u00f3n y practicidad para su transporte.<\/p>\n","protected":false},"excerpt":{"rendered":"<p>El Kit Slide Full cuenta con los equipos necesarios para la valoraci\u00f3n antropom\u00e9trica del Perfil Completo (Nivel 2) de la [&hellip;]<\/p>\n","protected":false},"featured_media":5833,"comment_status":"open","ping_status":"closed","template":"","meta":{"_acf_changed":false,"site-sidebar-layout":"default","site-content-layout":"","ast-site-content-layout":"default","site-content-style":"default","site-sidebar-style":"default","ast-global-header-display":"","ast-banner-title-visibility":"","ast-main-header-display":"","ast-hfb-above-header-display":"","ast-hfb-below-header-display":"","ast-hfb-mobile-header-display":"","site-post-title":"","ast-breadcrumbs-content":"","ast-featured-img":"","footer-sml-layout":"","theme-transparent-header-meta":"","adv-header-id-meta":"","stick-header-meta":"","header-above-stick-meta":"","header-main-stick-meta":"","header-below-stick-meta":"","astra-migrate-meta-layouts":"default","ast-page-background-enabled":"default","ast-page-background-meta":{"desktop":{"background-color":"var(--ast-global-color-5)","background-image":"","background-repeat":"repeat","background-position":"center center","background-size":"auto","background-attachment":"scroll","background-type":"","background-media":"","overlay-type":"","overlay-color":"","overlay-opacity":"","overlay-gradient":""},"tablet":{"background-color":"","background-image":"","background-repeat":"repeat","background-position":"center center","background-size":"auto","background-attachment":"scroll","background-type":"","background-media":"","overlay-type":"","overlay-color":"","overlay-opacity":"","overlay-gradient":""},"mobile":{"background-color":"","background-image":"","background-repeat":"repeat","background-position":"center center","background-size":"auto","background-attachment":"scroll","background-type":"","background-media":"","overlay-type":"","overlay-color":"","overlay-opacity":"","overlay-gradient":""}},"ast-content-background-meta":{"desktop":{"background-color":"var(--ast-global-color-4)","background-image":"","background-repeat":"repeat","background-position":"center center","background-size":"auto","background-attachment":"scroll","background-type":"","background-media":"","overlay-type":"","overlay-color":"","overlay-opacity":"","overlay-gradient":""},"tablet":{"background-color":"var(--ast-global-color-4)","background-image":"","background-repeat":"repeat","background-position":"center center","background-size":"auto","background-attachment":"scroll","background-type":"","background-media":"","overlay-type":"","overlay-color":"","overlay-opacity":"","overlay-gradient":""},"mobile":{"background-color":"var(--ast-global-color-4)","background-image":"","background-repeat":"repeat","background-position":"center center","background-size":"auto","background-attachment":"scroll","background-type":"","background-media":"","overlay-type":"","overlay-color":"","overlay-opacity":"","overlay-gradient":""}},"_joinchat":[],"_links_to":"","_links_to_target":""},"product_brand":[],"product_cat":[70,84,107,76,71,69],"product_tag":[131,110,89,88,114,111,130,93],"categoria":[],"class_list":{"0":"post-5803","1":"product","2":"type-product","3":"status-publish","4":"has-post-thumbnail","6":"product_cat-antropometros","7":"product_cat-cintas","8":"product_cat-equipo","9":"product_cat-kits","10":"product_cat-plicometros","11":"product_cat-segmometro","12":"product_tag-60-cm","13":"product_tag-antropometria","14":"product_tag-antropometro","15":"product_tag-cinta","16":"product_tag-equipo-antropometrico","17":"product_tag-plicometro","18":"product_tag-segmometro","19":"product_tag-slide","20":"desktop-align-left","21":"tablet-align-left","22":"mobile-align-left","24":"first","25":"instock","26":"shipping-taxable","27":"purchasable","28":"product-type-variable"},"acf":[],"aioseo_notices":[],"_links":{"self":[{"href":"https:\/\/anthropometrica.mx\/tienda\/wp-json\/wp\/v2\/product\/5803","targetHints":{"allow":["GET"]}}],"collection":[{"href":"https:\/\/anthropometrica.mx\/tienda\/wp-json\/wp\/v2\/product"}],"about":[{"href":"https:\/\/anthropometrica.mx\/tienda\/wp-json\/wp\/v2\/types\/product"}],"replies":[{"embeddable":true,"href":"https:\/\/anthropometrica.mx\/tienda\/wp-json\/wp\/v2\/comments?post=5803"}],"wp:featuredmedia":[{"embeddable":true,"href":"https:\/\/anthropometrica.mx\/tienda\/wp-json\/wp\/v2\/media\/5833"}],"wp:attachment":[{"href":"https:\/\/anthropometrica.mx\/tienda\/wp-json\/wp\/v2\/media?parent=5803"}],"wp:term":[{"taxonomy":"product_brand","embeddable":true,"href":"https:\/\/anthropometrica.mx\/tienda\/wp-json\/wp\/v2\/product_brand?post=5803"},{"taxonomy":"product_cat","embeddable":true,"href":"https:\/\/anthropometrica.mx\/tienda\/wp-json\/wp\/v2\/product_cat?post=5803"},{"taxonomy":"product_tag","embeddable":true,"href":"https:\/\/anthropometrica.mx\/tienda\/wp-json\/wp\/v2\/product_tag?post=5803"},{"taxonomy":"categoria","embeddable":true,"href":"https:\/\/anthropometrica.mx\/tienda\/wp-json\/wp\/v2\/categoria?post=5803"}],"curies":[{"name":"wp","href":"https:\/\/api.w.org\/{rel}","templated":true}]}}